{"id":120,"date":"2017-09-30T15:41:27","date_gmt":"2017-09-30T13:41:27","guid":{"rendered":"http:\/\/www.dwarsloeper.org\/wordpress\/?page_id=120"},"modified":"2020-04-23T21:35:55","modified_gmt":"2020-04-23T19:35:55","slug":"schwerin","status":"publish","type":"page","link":"https:\/\/www.dwarsloeper.org\/wordpress\/schwerin\/","title":{"rendered":"Schwerin"},"content":{"rendered":"<h1>Neue Gruppe des Stammes in Schwerin<\/h1>\n<p>Seit M\u00e4rz 2017 gibt es in Schwerin eine weitere Gruppe (&#8222;Backschaft Nautilus&#8220;) des Seepfadfinderstammes Dwarsl\u00f6per f\u00fcr 10-13j\u00e4hrige M\u00e4dchen und Jungen. Aktuell ist die Gruppe allerdings an ihrer Maximalgr\u00f6\u00dfe angelangt, so dass momentan keine weiteren Mitglieder neu aufgenommen werden k\u00f6nnen.<\/p>\n<p>Jetzt in der Sommersaison finden die Segeltreffen immer mittwochs von 16.00 Uhr bis 18.30 Uhr auf dem Gel\u00e4nde des Schweriner Segler-Vereins (direkt neben dem Schweriner Schloss) statt. Gesegelt wird dann in Optis und Jollen und auch auf einem (ZK10-)Jugendkutter.<\/p>\n<div id='gallery-1' class='gallery galleryid-120 gallery-columns-3 gallery-size-thumbnail'><figure class='gallery-item'>\n\t\t\t<div class='gallery-icon landscape'>\n\t\t\t\t<a href='https:\/\/www.dwarsloeper.org\/wordpress\/schwerin\/sony-dsc-2\/'><img loading=\"lazy\" decoding=\"async\" width=\"150\" height=\"150\" src=\"https:\/\/www.dwarsloeper.org\/wordpress\/wp-content\/uploads\/2017\/09\/sn2-150x150.jpg\" class=\"attachment-thumbnail size-thumbnail\" alt=\"\" aria-describedby=\"gallery-1-136\" srcset=\"https:\/\/www.dwarsloeper.org\/wordpress\/wp-content\/uploads\/2017\/09\/sn2-150x150.jpg 150w, https:\/\/www.dwarsloeper.org\/wordpress\/wp-content\/uploads\/2017\/09\/sn2-45x45.jpg 45w\" sizes=\"auto, (max-width: 150px) 100vw, 150px\" \/><\/a>\n\t\t\t<\/div>\n\t\t\t\t<figcaption class='wp-caption-text gallery-caption' id='gallery-1-136'>\n\t\t\t\tEiner unserer Kutter\n\t\t\t\t<\/figcaption><\/figure><figure class='gallery-item'>\n\t\t\t<div class='gallery-icon landscape'>\n\t\t\t\t<a href='https:\/\/www.dwarsloeper.org\/wordpress\/schwerin\/sony-dsc\/'><img loading=\"lazy\" decoding=\"async\" width=\"150\" height=\"150\" src=\"https:\/\/www.dwarsloeper.org\/wordpress\/wp-content\/uploads\/2017\/09\/sn1-150x150.jpg\" class=\"attachment-thumbnail size-thumbnail\" alt=\"\" aria-describedby=\"gallery-1-135\" srcset=\"https:\/\/www.dwarsloeper.org\/wordpress\/wp-content\/uploads\/2017\/09\/sn1-150x150.jpg 150w, https:\/\/www.dwarsloeper.org\/wordpress\/wp-content\/uploads\/2017\/09\/sn1-45x45.jpg 45w\" sizes=\"auto, (max-width: 150px) 100vw, 150px\" \/><\/a>\n\t\t\t<\/div>\n\t\t\t\t<figcaption class='wp-caption-text gallery-caption' id='gallery-1-135'>\n\t\t\t\tOptis auf dem Hemmelsdorfer See\n\t\t\t\t<\/figcaption><\/figure><figure class='gallery-item'>\n\t\t\t<div class='gallery-icon landscape'>\n\t\t\t\t<a href='https:\/\/www.dwarsloeper.org\/wordpress\/schwerin\/sn3\/'><img loading=\"lazy\" decoding=\"async\" width=\"150\" height=\"150\" src=\"https:\/\/www.dwarsloeper.org\/wordpress\/wp-content\/uploads\/2017\/09\/sn3-150x150.jpg\" class=\"attachment-thumbnail size-thumbnail\" alt=\"\" aria-describedby=\"gallery-1-137\" srcset=\"https:\/\/www.dwarsloeper.org\/wordpress\/wp-content\/uploads\/2017\/09\/sn3-150x150.jpg 150w, https:\/\/www.dwarsloeper.org\/wordpress\/wp-content\/uploads\/2017\/09\/sn3-45x45.jpg 45w\" sizes=\"auto, (max-width: 150px) 100vw, 150px\" \/><\/a>\n\t\t\t<\/div>\n\t\t\t\t<figcaption class='wp-caption-text gallery-caption' id='gallery-1-137'>\n\t\t\t\tUnsere Pfadfinderzelte die Kohten\n\t\t\t\t<\/figcaption><\/figure>\n\t\t<\/div>\n\n<p>Die grundlegenden Infos f\u00fcr Neue finden sich hier in einem <a href=\"http:\/\/www.dwarsloeper.org\/wordpress\/wp-content\/uploads\/2017\/09\/News1_17_nurSola.pdf\">ersten Newsletter<\/a>; weitere Daten und Planungen zu unserem Segel-Sommerlager gemeinsam mit den L\u00fcbecker Gruppen gibt es hier in einem <a href=\"http:\/\/www.dwarsloeper.org\/wordpress\/wp-content\/uploads\/2017\/09\/News_2017_Schwerin.pdf\">weiteren Newsletter<\/a>.<\/p>\n<p>Kontakt\/Ansprechpartner:<br \/>\n<a href=\"mailto:doerthe@dwarsloeper.org\">doerthe@dwarsloeper.org<\/a><\/p>\n<p>&#8230;oder nat\u00fcrlich auch der Vorstand &#8211; Kontaktdaten siehe auf der Impressumsseite!<\/p>\n","protected":false},"excerpt":{"rendered":"<p>Neue Gruppe des Stammes in Schwerin Seit M\u00e4rz 2017 gibt es in Schwerin eine weitere Gruppe (&#8222;Backschaft Nautilus&#8220;) des Seepfadfinderstammes Dwarsl\u00f6per f\u00fcr 10-13j\u00e4hrige M\u00e4dchen und Jungen. Aktuell ist die Gruppe allerdings an ihrer Maximalgr\u00f6\u00dfe angelangt, so dass momentan keine weiteren Mitglieder neu aufgenommen werden k\u00f6nnen. Jetzt in der Sommersaison finden die Segeltreffen immer mittwochs von &hellip; <a href=\"https:\/\/www.dwarsloeper.org\/wordpress\/schwerin\/\" class=\"more-link\"><span class=\"screen-reader-text\">Schwerin<\/span> weiterlesen <span class=\"meta-nav\">&rarr;<\/span><\/a><\/p>\n","protected":false},"author":1,"featured_media":0,"parent":0,"menu_order":0,"comment_status":"closed","ping_status":"closed","template":"","meta":{"footnotes":""},"class_list":["post-120","page","type-page","status-publish","hentry"],"_links":{"self":[{"href":"https:\/\/www.dwarsloeper.org\/wordpress\/wp-json\/wp\/v2\/pages\/120","targetHints":{"allow":["GET"]}}],"collection":[{"href":"https:\/\/www.dwarsloeper.org\/wordpress\/wp-json\/wp\/v2\/pages"}],"about":[{"href":"https:\/\/www.dwarsloeper.org\/wordpress\/wp-json\/wp\/v2\/types\/page"}],"author":[{"embeddable":true,"href":"https:\/\/www.dwarsloeper.org\/wordpress\/wp-json\/wp\/v2\/users\/1"}],"replies":[{"embeddable":true,"href":"https:\/\/www.dwarsloeper.org\/wordpress\/wp-json\/wp\/v2\/comments?post=120"}],"version-history":[{"count":13,"href":"https:\/\/www.dwarsloeper.org\/wordpress\/wp-json\/wp\/v2\/pages\/120\/revisions"}],"predecessor-version":[{"id":625,"href":"https:\/\/www.dwarsloeper.org\/wordpress\/wp-json\/wp\/v2\/pages\/120\/revisions\/625"}],"wp:attachment":[{"href":"https:\/\/www.dwarsloeper.org\/wordpress\/wp-json\/wp\/v2\/media?parent=120"}],"curies":[{"name":"wp","href":"https:\/\/api.w.org\/{rel}","templated":true}]}}

<h1>Neue Gruppe des Stammes in Schwerin</h1>
<p>Seit März 2017 gibt es in Schwerin eine weitere Gruppe (&#8222;Backschaft Nautilus&#8220;) des Seepfadfinderstammes Dwarslöper für 10-13jährige Mädchen und Jungen. Aktuell ist die Gruppe allerdings an ihrer Maximalgröße angelangt, so dass momentan keine weiteren Mitglieder neu aufgenommen werden können.</p>
<p>Jetzt in der Sommersaison finden die Segeltreffen immer mittwochs von 16.00 Uhr bis 18.30 Uhr auf dem Gelände des Schweriner Segler-Vereins (direkt neben dem Schweriner Schloss) statt. Gesegelt wird dann in Optis und Jollen und auch auf einem (ZK10-)Jugendkutter.</p>
<div id='gallery-1' class='gallery galleryid-120 gallery-columns-3 gallery-size-thumbnail'><figure class='gallery-item'>
			<div class='gallery-icon landscape'>
				<a href='https://www.dwarsloeper.org/wordpress/schwerin/sony-dsc-2/'><img loading="lazy" decoding="async" width="150" height="150" src="https://www.dwarsloeper.org/wordpress/wp-content/uploads/2017/09/sn2-150x150.jpg" class="attachment-thumbnail size-thumbnail" alt="" aria-describedby="gallery-1-136" srcset="https://www.dwarsloeper.org/wordpress/wp-content/uploads/2017/09/sn2-150x150.jpg 150w, https://www.dwarsloeper.org/wordpress/wp-content/uploads/2017/09/sn2-45x45.jpg 45w" sizes="auto, (max-width: 150px) 100vw, 150px" /></a>
			</div>
				<figcaption class='wp-caption-text gallery-caption' id='gallery-1-136'>
				Einer unserer Kutter
				</figcaption></figure><figure class='gallery-item'>
			<div class='gallery-icon landscape'>
				<a href='https://www.dwarsloeper.org/wordpress/schwerin/sony-dsc/'><img loading="lazy" decoding="async" width="150" height="150" src="https://www.dwarsloeper.org/wordpress/wp-content/uploads/2017/09/sn1-150x150.jpg" class="attachment-thumbnail size-thumbnail" alt="" aria-describedby="gallery-1-135" srcset="https://www.dwarsloeper.org/wordpress/wp-content/uploads/2017/09/sn1-150x150.jpg 150w, https://www.dwarsloeper.org/wordpress/wp-content/uploads/2017/09/sn1-45x45.jpg 45w" sizes="auto, (max-width: 150px) 100vw, 150px" /></a>
			</div>
				<figcaption class='wp-caption-text gallery-caption' id='gallery-1-135'>
				Optis auf dem Hemmelsdorfer See
				</figcaption></figure><figure class='gallery-item'>
			<div class='gallery-icon landscape'>
				<a href='https://www.dwarsloeper.org/wordpress/schwerin/sn3/'><img loading="lazy" decoding="async" width="150" height="150" src="https://www.dwarsloeper.org/wordpress/wp-content/uploads/2017/09/sn3-150x150.jpg" class="attachment-thumbnail size-thumbnail" alt="" aria-describedby="gallery-1-137" srcset="https://www.dwarsloeper.org/wordpress/wp-content/uploads/2017/09/sn3-150x150.jpg 150w, https://www.dwarsloeper.org/wordpress/wp-content/uploads/2017/09/sn3-45x45.jpg 45w" sizes="auto, (max-width: 150px) 100vw, 150px" /></a>
			</div>
				<figcaption class='wp-caption-text gallery-caption' id='gallery-1-137'>
				Unsere Pfadfinderzelte die Kohten
				</figcaption></figure>
		</div>

<p>Die grundlegenden Infos für Neue finden sich hier in einem <a href="http://www.dwarsloeper.org/wordpress/wp-content/uploads/2017/09/News1_17_nurSola.pdf">ersten Newsletter</a>; weitere Daten und Planungen zu unserem Segel-Sommerlager gemeinsam mit den Lübecker Gruppen gibt es hier in einem <a href="http://www.dwarsloeper.org/wordpress/wp-content/uploads/2017/09/News_2017_Schwerin.pdf">weiteren Newsletter</a>.</p>
<p>Kontakt/Ansprechpartner:<br />
<a href="mailto:doerthe@dwarsloeper.org">doerthe@dwarsloeper.org</a></p>
<p>&#8230;oder natürlich auch der Vorstand &#8211; Kontaktdaten siehe auf der Impressumsseite!</p>

<p>Neue Gruppe des Stammes in Schwerin Seit März 2017 gibt es in Schwerin eine weitere Gruppe (&#8222;Backschaft Nautilus&#8220;) des Seepfadfinderstammes Dwarslöper für 10-13jährige Mädchen und Jungen. Aktuell ist die Gruppe allerdings an ihrer Maximalgröße angelangt, so dass momentan keine weiteren Mitglieder neu aufgenommen werden können. Jetzt in der Sommersaison finden die Segeltreffen immer mittwochs von &hellip; <a href="https://www.dwarsloeper.org/wordpress/schwerin/" class="more-link"><span class="screen-reader-text">Schwerin</span> weiterlesen <span class="meta-nav">&rarr;</span></a></p>
